 the remainder when 114/4 + 6/(-12) + o is divided by 18?
13
Let a be (750/(-12) - -7) + (-3)/2. Let l = a + 217. Calculate the remainder when l is divided by 18.
16
What is the remainder when 59 is divided by (9 + 3)/((-12)/(-16))?
11
Let x be 36/2*(-13)/(-39). Suppose x*j = 9*j + 48. What is the remainder when 21 is divided by 45/(-10)*j/6?
9
Suppose 27*k + 27*k = 2970. Calculate the remainder when 270 is divided by k.
50
What is the remainder when 4/20*-106*-5 is divided by 24?
10
Calculate the remainder when 200 is divided by 8 - (6 - 12) - 7.
4
Suppose 2 = -2*s + 2*d, 14 = 3*s + s + 2*d. Suppose f = 4*w - f + 42, 5*f - 15 = w. Calculate the remainder when 22 is divided by ((-32)/20)/(s/w).
6
Suppose s - 8 = -4, 5*h + 4*s - 66 = 0. Suppose 2*g - 14 = h. What is the remainder when 34 is divided by g?
10
Let x(i) = -i + 3. Let p be x(3). Suppose p = -5*b + 101 + 119. What is the remainder when 218 is divided by b?
42
Let k = 21 - -49. Suppose z - 87 - 15 = -4*u, z - k = 4*u. Calculate the remainder when z is divided by 18.
14
Let b = -5 - -2. What is the remainder when (-1 - b) + (-1 - -53) is divided by (5 - -43)/4 + 2?
12
Let o = -203 - -371. What is the remainder when o is divided by 52?
12
Suppose t - 3 = 2. Suppose -628 = -t*n - 83. What is the remainder when n is divided by 28?
25
Suppose 6*g - 2*g = 4, 0 = -2*x - 4*g + 156. Suppose 5*m - 2*k = 129, k - 8 = -3*m + x. Calculate the remainder when 241 is divided by m.
25
Suppose -4*u + 7*u = -c + 1052, u = 5*c + 356. Suppose 0*v + 3*v - 71 = -d, -3*d - 3*v = -189. Calculate the remainder when u is divided by d.
56
Suppose -3*i + 8*i - 5 = 0. Let k(g) = -g**2 - 10*g. Let p(s) = -s + 1. Let u(c) = i*k(c) - 3*p(c). What is the remainder when u(-4) is divided by 5?
4
Suppose 4 = -2*i, 3*z - 5*i - 34 = -6*i. Let p(a) = -a**2 + 10*a - 1. Calculate the remainder when p(4) is divided by z.
11
Let g(w) be the second derivative of w**5/20 + w**4/3 - 13*w**3/6 + 11*w**2/2 + 14*w. Calculate the remainder when g(-6) is divided by 5.
2
Let k(g) = -10*g - 52. Calculate the remainder when 89 is divided by k(-10).
41
Suppose -2*x - x - 5 = 5*b, 0 = 4*x - b - 1. Suppose x*v = -5*v + 10. What is the remainder when (v/(-2))/((-5)/145) is divided by 15?
14
Suppose -316 + 391 = 3*b. What is the remainder when b is divided by 9?
7
Suppose -96 = -4*q + 68. Calculate the remainder when q is divided by 11.
8
Let v = -7 + 4. Let y be 2/v + 184/6. Suppose -h + 6*h = y. What is the remainder when 10 is divided by h?
4
What is the remainder when ((-1)/3)/((-11)/7062) is divided by 18?
16
Suppose 6*c = 15*c + 45, 5*t - 2*c = 155. What is the remainder when 1622 is divided by t?
27
Let c be (6 - 10/5) + 40. Let z = 17 + c. What is the remainder when z is divided by 8?
5
Suppose 2*v - 3*u - 31 = -2*v, -5*v + 38 = -3*u. Calculate the remainder when 27 is divided by v.
6
Suppose -b - 1 = -3. Suppose 25 = b*h - 5. Let p = -60 - -88. Calculate the remainder when p is divided by h.
13
Suppose -4*r - 255 = -7*r. Suppose -26*u = -21*u + r. Let y = u - -34. What is the remainder when y is divided by 6?
5
Suppose 13*h + 3*q = 12*h + 178, q + 1 = 0. Calculate the remainder when h is divided by 2/(-2 - (-15)/7).
13
Suppose -505 = -3*j + 269. What is the remainder when j is divided by 10?
8
Let u be (-34)/(-8) + (-17)/68. Suppose -u = -3*w + w - 5*z, 2*w - 3*z - 20 = 0. Calculate the remainder when 47 is divided by w.
5
Let j be 3*3/9 + 3. Suppose 10 = 5*l - h - h, j*l - 8 = -h. Suppose -2*g = 3*w - 13, -3*w = -l*g - 9 - 20. Calculate the remainder when 11 is divided by w.
4
Let f(p) be the third derivative of p**5/15 + p**4/24 - p**3/6 - 7*p**2. Calculate the remainder when 7 is divided by f(-1).
1
Suppose 0 = -7*k + 14 - 0. Calculate the remainder when 7 is divided by k.
1
Suppose 0 = 12*u - 7*u - 50. Calculate the remainder when 34 is divided by u.
4
Suppose -w = -4*w - 9. Let c(l) = -26*l. Let b be c(w). Let v = -4 + b. What is the remainder when v is divided by 19?
17
Let r(d) = -d**2 - 8*d + 4. Let u(m) = -7*m**3 - 2*m**2 + 1. Let g be u(1). Let a = -14 - g. What is the remainder when r(a) is divided by 6?
4
Suppose r = -30 + 62. Calculate the remainder when 508/6*21/14 is divided by r.
31
Let p(h) = h**2 - 4*h + 5. Let m(b) = b**3 + 8*b**2 - b - 6. Let k = -13 - -6. Calculate the remainder when m(k) is divided by p(6).
16
Let d = 1064 + -927. Calculate the remainder when d is divided by 34.
1
Suppose 106*g - 111*g - 5*b = -515, 5*b = -4*g + 416. Calculate the remainder when 148 is divided by g.
49
Let h = -94 + 152. Calculate the remainder when 114 is divided by h.
56
Suppose 0 = -8*x + 54 + 1410. Let j = -179 + x. Suppose -3*o + 9 = -24. What is the remainder when o is divided by j?
3
Suppose -6*v + 2*x = -11*v + 223, -2*v = 3*x - 87. What is the remainder when v is divided by 19?
7
Let i(o) = 16*o - 4. Let b(l) = -l - 1. Suppose 0 = -3*p - 3 - 12. Let x(a) = p*b(a) + i(a). What is the remainder when 64 is divided by x(1)?
20
Suppose 0 = -3*n + 5*y + 48, 0 = 8*n - 3*n - 5*y - 80. What is the remainder when n is divided by 11?
5
Suppose 79 = 4*x - p, -5*x + 4*p = -0*p - 85. Let l(n) = -n**2 + 17*n - 13. Calculate the remainder when l(13) is divided by x.
18
Let d(p) = -6*p - 39. What is the remainder when 103 is divided by d(-10)?
19
Let y(m) = 5*m - 32. Let z be y(7). Suppose z*p - 64 = -p. Calculate the remainder when 28 is divided by p.
12
Let l(o) = 2*o**2 + 7*o - 5. Let t(n) = -n**3 + 12*n**2 - 10*n - 7. Let m be t(11). Suppose -m*w = -107 + 11. What is the remainder when l(-9) is divided by w?
22
Suppose 2*l - 5*l = -2*m - 195, 0 = 4*l - 3*m - 260. Let r(f) = -53*f + 14. Let b be r(1). Let p = l + b. What is the remainder when 51 is divided by p?
25
Calculate the remainder when 492 is divided by 1/4 - (-177)/12.
12
Suppose 3 = g + 12. Let f(u) = -u**3 - 8*u**2 + 4*u + 1. Let c be f(g). Let p = c - 5. What is the remainder when p is divided by 14?
13
Suppose -2*g - 2 = -8, -5*g = -4*v + 117. Calculate the remainder when -7 - (-16 - -1) - -123 is divided by v.
32
Let b = -553 + 653. Calculate the remainder when b is divided by 28.
16
Calculate the remainder when 196 is divided by (-2 - 158/(-14)) + (-30)/105.
7
What is the remainder when 571 is divided by 2 - -1*(1 - -10)?
12
Suppose 455 = 3*a - 5*y, 3*a + y - 157 = 2*a. What is the remainder when a is divided by 12?
11
Suppose 2*g = 5*s + 39 - 0, -s - 18 = 3*g. What is the remainder when (-148)/(-4) + s/(-3) is divided by 14?
12
Suppose 137 + 373 = 30*j. Let c(a) = 6*a - 3. What is the remainder when j is divided by c(2)?
8
Let w(k) = -2*k**3 - 16*k**2 - 4*k - 21. What is the remainder when 20 is divided by w(-8)?
9
Suppose -3*k + 39 = 33. Suppose l - k*l = -14. Calculate the remainder when 52 is divided by l.
10
Suppose 124 = 5*h + 2*j, -4*h - j - 3*j + 104 = 0. Calculate the remainder when 285 is divided by h.
21
Let j(w) = w**3 - 4*w**2 + 3*w - 3. Let q be j(3). Let i(h) = -8*h + 12. Calculate the remainder when i(q) is divided by 20.
16
Let t = -93 + 93. What is the remainder when (553/15 - t) + 174/1305 is divided by 13?
11
Suppose 4*j - 4*a = a + 259, -3*j - a + 199 = 0. Let i(r) = 17*r**2 + 5*r + 5. What is the remainder when j is divided by i(-1)?
15
Suppose -3*x + 7 = -2. Suppose -7*o + 2*o = -10. Suppose -o*c - 5 = -x*c. What is the remainder when c is divided by 4?
1
Suppose 0 = 6*b + 104 - 872. Calculate the remainder when b is divided by 54.
20
Let u(l) = -l**3 + 17*l**2 + 2*l - 23. Let i(c) = -2*c**3 - 2*c - 3. Let j be i(-2). What is the remainder when u(j) is divided by 7?
4
Suppose 5 = -2*k + 37. Calculate the remainder when -1 + 3 - (-40 + 1) is divided by k.
9
Let j = -20 - -32. Calculate the remainder when 35 is divided by j.
11
Let a = 14 - 7. Suppose -23 + 5 = -6*l. Suppose -11 = -l*z - 2. What is the remainder when a is divided by z?
1
Let f(c) = c**3 - 6*c**2 - 13*c + 13. Let k be f(7). What is the remainder when (4 + k)*(1 + -1*3) is divided by 13?
11
Let j be (-1)/((-230)/114 + 2). Suppose -4*g + 2*w + w - 37 = 0, 4*g = -w - j. Let f = g + 18. Calculate the remainder when 18 is divided by f.
3
Suppose -4*q + 20 = -40. Calculate the remainder when 44 is divided by -6*(q/2)/(-3).
14
Let f(b) = -b**3 + 9*b**2 + 4*b + 54. Calculate the remaind